(3 + 7532/(-2513)). Let u = 853 - z. What are the prime factors of u?
2, 13, 19
Let u(l) = l**3 - 7*l**2 + 8*l - 9. Let i be u(6). Suppose 3*x - 210 = i*j, -3*j - 4*x - x = 250. What are the prime factors of (-2985)/j - (6/(-5) - -1)?
2, 5
Let n be 3*(13 - 15) - (0 - 26). Suppose n*v - 175 = 13*v. What are the prime factors of v?
5
Let x be (1/3 + -1)*(-168)/16. Suppose x*f - 507 = 10*f. Let i = -45 - f. What are the prime factors of i?
2, 31
Let i be 0 + (0/3 - 0). Suppose 9*o = 5*m + 6*o - 1000, -3*m = o - 586. Suppose 5*z = -5*k + 8*z + 274, -4*k - 5*z + m = i. What are the prime factors of k?
53
Let z = 63 - 67. What are the prime factors of 54 + (z - -3) + -1?
2, 13
Let a(k) = k**2 + 13*k - 39. Suppose 581 = -40*c - 379. List the prime factors of a(c).
3, 5
Suppose -39*q + 44*q = -5*t + 12975, -4*q + 10378 = 5*t. List the prime factors of q.
7, 53
Suppose 4*f + 134 - 142 = 0. Let a be (-2 + f)/(-1) - (6 - 8). Suppose -a*z = 3*l - l - 196, 2*l - 191 = -z. What are the prime factors of l?
3, 31
Let o = -10 + 15. Suppose -20 = 5*n, -o = -2*s - n + 3. List the prime factors of 4 - (0 - 1)*s.
2, 5
Suppose -47*o + 198 = -44*o. Suppose 62*r = o*r - 1684. List the prime factors of r.
421
Let t(m) = 2*m**3 - 6*m**2 + 4*m - 1. Let b be t(2). Let k be (b - 5/3)*21/(-4). List the prime factors of k - -140 - 1*3.
151
Suppose 3*k - 2*h - 11049 = 0, -11067 = -3*k - 137*h + 142*h. What are the prime factors of k?
13, 283
Suppose -153*m + 10707215 = 2040683. What are the prime factors of m?
2, 7, 17
List the prime factors of 130839/3 + (-34)/646 + 168/(-57).
2, 5, 7, 89
Suppose 0 = 50*j - 18*j - 112042 + 25194. List the prime factors of j.
2, 23, 59
Let w(l) = 2*l + 16. Let u be w(-6). Suppose -387 = h - u*h. Suppose -3*y = -h - 66. List the prime factors of y.
5, 13
Let i(y) = 1394*y + 1288. What are the prime factors of i(8)?
2, 5, 311
Let b(v) = 16*v**2 - 20*v - 25. Let q be b(11). Let f = q + -660. What are the prime factors of f?
1031
Let t(c) = 175*c + 23. List the prime factors of t(24).
41, 103
What are the prime factors of -7741*(-8 + 9 - 4)?
3, 7741
Suppose -245 = c - 8*c. Suppose c*l + 2 = 37*l. What are the prime factors of 1*(3 + -4)*l*-158?
2, 79
Suppose -g + 6 = 2*m - 6, -4*m = -3*g - 14. Suppose 3*b - m*b = -700. Suppose 0 = -7*s + 217 + b. List the prime factors of s.
3
Let x(s) be the first derivative of -17*s**2/2 + s + 69. What are the prime factors of x(-4)?
3, 23
Let p = -5627 + 6131. What are the prime factors of p?
2, 3, 7
Suppose -1 + 25 = 8*r. Suppose -r*i + 59 = 59. Suppose 0*x + 6 = 3*w + 3*x, i = -3*x - 15. What are the prime factors of w?
7
Let q(l) = -11130*l - 2986. What are the prime factors of q(-3)?
2, 11, 691
Suppose 62*m - 5 = 61*m. Suppose m*l + 2*j = 2719, -5*l = -4*j - 1461 - 1276. What are the prime factors of l?
5, 109
Suppose -5*x - 8*f + 1187 = -12*f, 5*f - 1160 = -5*x. Suppose -557 = -18*p + x. What are the prime factors of p?
2, 11
Suppose 0 = 17*d - 1785 - 595. Suppose b + 4*b = d. List the prime factors of b.
2, 7
Suppose 0 = 57*q + 38*q - 774415 - 302980. What are the prime factors of q?
11, 1031
Let k = 9253 + -4719. List the prime factors of k.
2, 2267
Let p = 29792 + -12320. List the prime factors of p.
2, 3, 7, 13
Suppose 0 = 2*i + 3*i - 5, -3*i = 2*v - 15. Suppose 2*w + 4*x + 124 = 696, -3*x = v. Let k = 413 - w. What are the prime factors of k?
3, 41
Let f = -1439 + 7589. List the prime factors of f.
2, 3, 5, 41
Suppose 0 = 3*o + 5*a - 241, 0 = 2*o - 6*o - a + 293. Suppose 340 = -62*q + o*q. What are the prime factors of q?
2, 17
Suppose -k - 3 = -4*k. Let q(h) = 736*h - 73. Let y(l) = 183*l - 15. Let b(u) = -2*q(u) + 9*y(u). What are the prime factors of b(k)?
2, 3, 31
Let g be ((-8)/3)/((-12)/18). Suppose g*n = -27 + 59. Suppose -x = n*x - 549. What are the prime factors of x?
61
Suppose -4*s + 495 = s. Suppose -a = -2*t - 0*t + 360, -2*t = 3*a - 352. Let w = t - s. What are the prime factors of w?
2, 5
Let r(o) = 250*o + 142. List the prime factors of r(12).
2, 1571
Let t be -2 - ((-31941)/77 - (-2)/(-11)). Let x = 590 - t. List the prime factors of x.
3, 59
Let o = 1909 + 7223. List the prime factors of o.
2, 3, 761
Let v be (245 - -1) + (-4)/(-1) + -9. List the prime factors of (v/(-6))/(16/(-96)).
241
Let x(s) = -212*s**3 - 15*s + 211*s**3 - 10 + 3 - 18*s**2. What are the prime factors of x(-19)?
3, 71
Let q = 424 - 408. Suppose q*u + 3088 = 11072. What are the prime factors of u?
499
Let q = 166 - 170. Let u(l) = 29*l**2 + 8*l. What are the prime factors of u(q)?
2, 3
Let k = 2 + -11. Let j(p) = -63*p + 35. List the prime factors of j(k).
2, 7, 43
Let a(p) = 80958*p**3 + 18*p**2 + 2*p - 4. What are the prime factors of a(1)?
2, 40487
What are the prime factors of ((-783)/(-435))/(((-2)/(-5130))/1)?
3, 19
Let n(q) = 8*q**2 + 13. Let x be n(-9). Let b = 1022 - x. List the prime factors of b.
19
Suppose 30 = s + s. Let j be -126*1 + (18 - s). Let u = 108 - j. What are the prime factors of u?
3, 7, 11
Let k be (-8)/4*798/12. Let i = 248 - k. List the prime factors of i.
3, 127
Let q(v) = v**2 - 5*v - 34. Let f be q(9). Suppose 47 + 25 = f*t. List the prime factors of t.
2, 3
List the prime factors of (3/(-12))/((-2)/11352) + -2.
13, 109
Let k(c) be the first derivative of -c**5/60 + 103*c**4/24 + 25*c**3/3 - 7. Let w(a) be the third derivative of k(a). List the prime factors of w(0).
103
Let o = -30940 + 47219. List the prime factors of o.
73, 223
Let v = -5064 - -12108. What are the prime factors of v?
2, 3, 587
Let b(i) = -17*i + 14. Suppose -w = -10 - 5. Let k = w - 19. List the prime factors of b(k).
2, 41
Suppose 28*x - 20*x - 2*v - 128062 = 0, -5*x - 2*v + 80055 = 0. List the prime factors of x.
7, 2287
Suppose -14*j = 3*c - 11*j - 95517, -2*j - 31818 = -c. List the prime factors of c.
2, 23, 173
Let g(f) = f**3 - 35*f**2 + 67*f - 23. Let l be g(33). Let p(b) = b**3 - 7*b**2 - 12*b. List the prime factors of p(l).
2, 3, 5
Suppose 0 = -3*x - 2728 - 3092. Let g = -682 - x. List the prime factors of g.
2, 17, 37
Suppose 20*q = -80210 + 306950. What are the prime factors of q?
3, 3779
Suppose l - 24229 = -621*v + 617*v, -4*l + v = -96831. List the prime factors of l.
43, 563
Let f = -309 - -312. Suppose 5*n = -s + f*n + 238, 1148 = 5*s - 4*n. What are the prime factors of s?
2, 29
Suppose -2*p = 64 + 136. List the prime factors of (-944)/(-10) + 40/p.
2, 47
Let n(i) = -i**3 + 19*i**2 + 23*i - 11. Let o be ((-8)/12)/(6/(-9)). Let a be -11 - -8 - (-23)/o. List the prime factors of n(a).
7
Suppose 3*a - 5*h = 1518, a - 2*h - 468 = 37. Suppose 503*v + 1992 = a*v. What are the prime factors of v?
3, 83
Let p(a) = 3*a - 69. Let t be p(23). Suppose 2*f - 525 = 6*z - z, t = -2*f - 5*z + 495. What are the prime factors of f?
3, 5, 17
Let a be -28*(-4)/16 - 5. Suppose -3*v - a*d = -1689, -4*v - 2*d + d = -2247. List the prime factors of v.
3, 11, 17
Let h(l) = 5*l**3 - 21*l**2 - 10*l + 39. Let s(f) = -9*f**3 + 43*f**2 + 21*f - 80. Let x(g) = -11*h(g) - 6*s(g). List the prime factors of x(-27).
3, 7, 23
Let r(f) = -78*f + 34. Let k be r(-4). Suppose -2*x = -1040 - k. What are the prime factors of x?
3, 7, 11
Suppose -2*u = 3*u + 2*w - 12510, 0 = -4*u + 2*w + 10008. Let o = u - 1654. List the prime factors of o.
2, 53
Let p be (-268)/(-16) + 7/28. Suppose -20*t = -p*t + a - 1252, 0 = -3*t - 5*a + 1256. What are the prime factors of t?
3, 139
Let q = -2371 - -2992. What are the prime factors of q?
3, 23
Suppose -5*u - 4*j + 340397 = 0, 14*u - 16*u + 136158 = 2*j. What are the prime factors of u?
13, 5237
Let y = -135 + 133. List the prime factors of ((-657)/(-5))/((-33)/(-15) + y).
3, 73
Suppose -16*h - 8288 = 3552. Let g = 472 - h. List the prime factors of g.
2, 3, 101
Let h be 10/(-5) - (-40 - 2)/2. Suppose h*k - 6328 = 8359. List the prime factors of k.
773
Let x(l) be the second derivative of -289*l**3/6 + l**2/2 + l + 77. List the prime factors of x(-4).
13, 89
Let n = 2578 - 462. Suppose -142*d + n = -138*d. Suppose d + 176 = 5*p. List the prime factors of p.
3, 47
Let n(p) = 54*p - 18. Let m(g) = -g. Let a(d) = -3*m(d) + n(d). Let l = 198 - 195. What are the prime factors of a(l)?
3, 17
Let h be 5/(15/6) + (12 - 0). Let q(r) = 53*r - 84. What are the prime factors of q(h)?
2, 7, 47
Suppose 3*w - 